et w be (-30)/(-12)*144/20. Calculate the highest common factor of w and 828.
18
Let j(o) = 11*o - 5. Let d be j(2). Suppose 0 = h + 2*s - 19, 3*h - 3*s + 71 = 7*h. Calculate the highest common factor of h and d.
17
Suppose 1104*z - 1099*z - 10 = 0. Suppose 0 = -3*o - 2*o + 5*k + 40, 2*o = -k + 1. Calculate the greatest common divisor of o and z.
1
Let r = -176 + 181. Let g(f) = f**2 - 4*f - 1 - 2 + 3*f**2. Let a be g(4). What is the greatest common divisor of a and r?
5
Let b = -18 + 20. Let l be -3 + b + 0 + 3. Suppose -2*y = -5*y - l*q + 28, -5*q - 22 = -4*y. Calculate the greatest common divisor of 1 and y.
1
Let t(o) = 2*o**2 + 47*o - 4. Let g(h) = 5*h + 1. Let w be g(-5). Let x be t(w). What is the highest common factor of 80 and x?
20
Let y = 709 - -347. What is the greatest common divisor of y and 66?
66
Let d(p) = 31*p**2 + 31*p - 4. Let k be d(-4). Calculate the highest common divisor of 23 and k.
23
Let z be (-60)/(-18)*(-6)/5. Let w(v) = -2*v - 3. Let s be w(z). Suppose -5*h - 5*o = -60, s*o + 10 = -0*o. What is the greatest common factor of 28 and h?
14
Let c(o) = -o**3 + 12*o**2 - 8*o + 9. Let z be 711/63 - (-4)/(-14). Let i be c(z). Calculate the greatest common divisor of 14 and i.
14
Let i = -10 - -15. Suppose -i*y = z + 4*z - 215, y - 28 = -4*z. Suppose 2*s - 40 = y. What is the greatest common divisor of 4 and s?
4
Let o = 43 + -37. Suppose -5*x - 25 = -o*x. What is the greatest common divisor of 15 and x?
5
Let t be ((-68)/20 - -3)*5. Let w be t/(-11) + 3546/99. What is the greatest common factor of 18 and w?
18
Let v be (-57 + 31)*(-2)/((-4)/(-2)). What is the greatest common divisor of v and 130?
26
Suppose -14*w + 10 = -12*w. Suppose 2*l + 2*d = -0*l, w*d = l - 12. Calculate the highest common divisor of l and 2.
2
Suppose -42 + 37 = -b. Suppose -b*n - 324 = -3*a, -34 = -a + n + 74. Calculate the highest common factor of a and 72.
36
Let b be 4/1 + 28/(-2). Let c be (11*-1 - 1)*b/20. What is the greatest common factor of 36 and c?
6
Let n = -475 + 477. What is the highest common factor of n and 18?
2
Let z(b) = 18*b**2 + 2*b + 1. Let h be z(-1). Let w = 8 + 19. Let c = w + 58. Calculate the greatest common divisor of h and c.
17
Let h be (2/(-5) - (-16)/20) + 4532/220. Let j(s) = -16*s + 4. Let r be j(-5). Calculate the greatest common divisor of h and r.
21
Let j(s) = 2*s - 4. Let c be j(5). Let i be (-24)/11 - c/(-33). Let y be 16 + i - (0 - 1). Calculate the highest common factor of 165 and y.
15
Let a be (0 - -1 - 2)*(-357)/(-7). Let x = a + 88. Calculate the greatest common divisor of x and 296.
37
Suppose 177 = 4*s + 2*x - 17, 5*s - 2*x - 211 = 0. Suppose 2*v + 13 = v + d, 5*v + 5*d = -15. Let r = 1 - v. What is the highest common factor of s and r?
9
Suppose -n = n - 252. Let y(q) = -q**2 + 11*q + 19. Let u be y(12). Suppose -u*c + 90 = -2*c. Calculate the greatest common divisor of c and n.
18
Let x be -4 - ((-1 - -4) + -13). What is the greatest common factor of 102 and x?
6
Let d(a) = -a**2 + 5*a + 112. Let b be d(-7). What is the greatest common divisor of b and 532?
28
Let v(f) = -f**3 - 13*f**2 + 15*f + 17. Let b be v(-14). Suppose -7*w + 8 = -b*w. Suppose 5*i - 12 + w = 0. What is the highest common divisor of 2 and i?
2
Let b = -13 + 12. Let q(o) = -8*o**3 + o**2 - 1. Let k be q(b). Calculate the greatest common factor of k and 56.
8
Let l = 386 + -365. What is the highest common divisor of l and 168?
21
Let m(o) = -o. Let z be m(-4). Let i(u) = -u**2 - 22*u + 22. Let s be i(-23). Let c be 41 - ((-2 - s) + -2). What is the highest common divisor of c and z?
4
Let r(u) = u**3 - 26*u**2 + 27*u - 45. Let z be r(25). Let q be (-27 + -6)/(-3)*1*z. Calculate the greatest common factor of q and 5.
5
Let x = -165 - -182. What is the greatest common divisor of x and 17?
17
Let x(a) = -a**3 - 12 - 16*a**2 - 2*a + 3*a**2 - 13*a. Let g be x(-12). Let j be 35*1*1 - -1. Calculate the highest common factor of g and j.
12
Let t(r) = 40*r**2 - 1. Let m be t(-1). Let x = m + -13. Let f be (-104)/(-1)*16*12/192. Calculate the greatest common divisor of f and x.
26
Let l(c) = c**2 + 5. Let o be l(0). Suppose -o*x + 186 = -164. Suppose 0 = 4*a + 2*p - 0*p - 62, 3*p - 9 = 0. Calculate the highest common divisor of x and a.
14
Let w = -30 + 43. Let n(p) = 18*p + 29. Let k be n(2). What is the greatest common divisor of k and w?
13
Let m be (-3)/(-15) + 553/35. Let i = m - 7. Let b = 45 + -27. What is the greatest common divisor of b and i?
9
Let s(x) = x**3 - 7*x**2 - 28*x + 13. Let u be s(10). What is the highest common factor of u and 297?
33
Let v(l) = -6*l - 20. Let w be v(-8). Suppose -w*m = -29*m + 3. Calculate the highest common divisor of 27 and m.
3
Let i be 1/(-3)*(2 + -80). Suppose n = -3*a + a + 78, 0 = -2*n - 2*a + 156. Calculate the greatest common divisor of n and i.
26
Let h be -1 - (0 + -1)*3. Suppose -h*r - 70 = -4*k, -76 = -4*k - 5*r + r. What is the greatest common factor of k and 63?
9
Let h = -33 - -35. Let c be 1296/32 + 1*(-1)/h. Calculate the greatest common factor of c and 8.
8
Suppose -2*c - 4 = -4*p + 14, -3*p = 5*c + 6. Calculate the highest common factor of p and 135.
3
Suppose -1476 = -7*q - 41. Suppose -q = -8*g + 35. Calculate the greatest common factor of 6 and g.
6
Suppose 4*q - 54 = u, 0 = -12*q + 11*q - 4*u + 5. Let b(o) = -1 + 2*o**2 + 2 + 7*o + 2. Let a be b(6). Calculate the greatest common divisor of a and q.
13
Suppose -393*x + 540 = -387*x. Calculate the greatest common factor of 20 and x.
10
Suppose -4*q = 4*p - 396, -3 + 4 = -p. What is the greatest common divisor of q and 140?
20
Let v = -145 - -157. What is the greatest common factor of v and 66?
6
Let f(o) = 149*o - 84*o - 96 - 87*o. Let i be f(-5). Let u = -12 - -26. What is the greatest common divisor of u and i?
14
Let p be (-18 + 22)*40/2. Calculate the greatest common factor of 64 and p.
16
Let h be 660*(-5)/3*3/(-10). What is the greatest common factor of h and 22?
22
Let s(t) = -123*t - 381. Let o be s(-5). What is the greatest common divisor of o and 156?
78
Let j(i) = -3*i + 43. Let r be j(5). What is the highest common divisor of r and 12?
4
Let h(i) = -4 - 11*i**2 + 26*i**2 - 16*i**2 + 6*i. Suppose u + 0*c = -c + 2, -13 = -3*u + 4*c. Let f be h(u). Calculate the highest common divisor of 40 and f.
5
Let u(k) = -5*k - 3. Let b be u(-6). Suppose 23*c - 835 = 3512. Calculate the highest common factor of b and c.
27
Let s(w) = w**2 - 8*w + 8. Let k = 22 + -14. Let y be s(k). Calculate the greatest common divisor of y and 72.
8
Let m = 1023 + -939. Suppose -3*a = a - 224. Calculate the highest common factor of a and m.
28
Suppose 5*n = 25, 0 = -5*z - 4*n + 157 + 23. Suppose -2*g - 3*u = -8, -4*g + 3*u = -2*g - z. What is the highest common factor of g and 50?
10
Suppose 194 = -204*s + 205*s - 4*a, -4*s + a = -761. What is the greatest common divisor of s and 95?
95
Suppose -18*c + 351 = -5*c. What is the highest common divisor of 81 and c?
27
Let w be 32/(-6)*(-7248)/32. Suppose -4*y - 348 = -w. Calculate the greatest common divisor of 43 and y.
43
Suppose -16 = t + 5*y - 4, 0 = -5*t - 3*y + 6. What is the greatest common factor of t and 19?
1
Let c = -14 - -17. Suppose -5*n = -5*z - 45, 0 = -3*n - 5*z + c + 32. What is the greatest common divisor of n and 30?
10
Let o = -9 + 105. What is the highest common divisor of o and 12?
12
Let y = 3131 - 2169. What is the highest common factor of 74 and y?
74
Suppose 0 = 441*d - 406*d - 770. Calculate the highest common factor of 10 and d.
2
Let f(y) = y**3 - 25*y**2 - 18*y - 16. Let s be f(26). Calculate the highest common factor of s and 12.
12
Let s be (-9)/45 + 5768/40. Calculate the highest common factor of 256 and s.
16
Suppose 210 = 4*k - 266. Let w(t) = -t**3 + 26*t + 12. Let m be w(5). Calculate the highest common factor of m and k.
17
Let w(j) = -j**3 - 8*j**2 - 3*j + 12. Let o be w(-7). Let p be (o/(-12))/(3/27). Let t = -21 - -57. Calculate the highest common factor of t and p.
12
Let y be ((70/(-21))/(-10))/(1/2535). What is the highest common divisor of 10 and y?
5
Suppose -125 = -10*g + 75. What is the highest common factor of g and 170?
10
Suppose -d = 4*g, 2*g + d - 5 + 7 = 0. What is the highest common factor of 27 and g?
1
Let j be 105 - (6 - 3 - 6). What is th